ctor of 110203144?
False
Is 254 a factor of 13263880?
True
Is 555943440 a multiple of 520?
True
Is 569347581 a multiple of 11?
True
Is 20 a factor of 500411840?
True
Is 24465091 a multiple of 14?
False
Is 112 a factor of 779392880?
True
Is 125783844 a multiple of 249?
True
Is 12293120 a multiple of 320?
True
Is 23 a factor of 400987336?
True
Is 483550814 a multiple of 6322?
True
Does 77 divide 2918430143?
False
Is 342 a factor of 1615578537?
False
Is 35171440 a multiple of 82?
True
Is 44813663 a multiple of 3?
False
Is 300 a factor of 14655900?
True
Does 655 divide 336991557?
False
Is 184 a factor of 13872128?
True
Is 1042 a factor of 21217420?
False
Is 1605950683 a multiple of 6595?
False
Is 322264012 a multiple of 28?
True
Does 4 divide 73882849?
False
Is 1124755072 a multiple of 11?
False
Does 783 divide 240465564?
True
Is 596 a factor of 50532390?
False
Is 13 a factor of 46726664?
False
Does 3931 divide 54982897?
True
Is 728 a factor of 68025889?
False
Does 15 divide 29952528?
False
Is 3 a factor of 9415260?
True
Does 2331 divide 1012684302?
True
Does 19 divide 45882202?
False
Is 68204504 a multiple of 919?
True
Is 58902414 a multiple of 1362?
True
Is 26818483 a multiple of 1487?
False
Is 45646180 a multiple of 785?
True
Does 847 divide 47623422?
True
Is 121 a factor of 333332736?
True
Does 22 divide 37514202?
True
Is 1093530035 a multiple of 13?
True
Does 57 divide 226211169?
True
Is 11093929 a multiple of 11?
True
Does 45 divide 9797375?
False
Is 11 a factor of 10821150?
False
Does 106 divide 37292297?
False
Does 133 divide 5352585?
True
Is 29664558 a multiple of 11?
True
Is 1137 a factor of 140110236?
True
Is 2546 a factor of 740545516?
False
Is 910 a factor of 171462200?
True
Does 13 divide 71646913?
True
Is 32070699 a multiple of 1132?
False
Is 83967467 a multiple of 49?
False
Is 1008668900 a multiple of 1402?
True
Does 200 divide 24262051?
False
Does 43 divide 128860551?
True
Is 3 a factor of 215173168?
False
Does 1011 divide 357296499?
True
Is 122632094 a multiple of 5?
False
Does 3 divide 49668356?
False
Does 40 divide 9022667?
False
Is 6 a factor of 7442016?
True
Does 8094 divide 40092466?
False
Does 399 divide 103069556?
False
Does 3 divide 265181?
False
Does 4 divide 121362948?
True
Does 7 divide 47314925?
True
Is 2307 a factor of 35106981?
False
Is 173 a factor of 53004951?
True
Is 61773030 a multiple of 891?
True
Is 62 a factor of 159945430?
True
Does 218 divide 176845332?
False
Is 14 a factor of 44832480?
True
Is 17019522 a multiple of 234?
True
Does 60 divide 368227734?
False
Does 1337 divide 25578734?
False
Is 6702 a factor of 555260700?
True
Does 2708 divide 32325396?
True
Does 64 divide 128275968?
True
Is 6 a factor of 73805949?
False
Is 19719115 a multiple of 447?
False
Does 502 divide 67938672?
True
Is 798611450 a multiple of 13?
True
Is 118 a factor of 2948760528?
True
Is 347 a factor of 25978502?
True
Is 541947700 a multiple of 20?
True
Is 6347950690 a multiple of 2919?
False
Does 467 divide 138974277?
False
Does 957 divide 113508939?
False
Is 30 a factor of 40318901?
False
Does 12 divide 2714443?
False
Is 529080716 a multiple of 1237?
False
Is 12645786 a multiple of 441?
False
Is 34167364 a multiple of 11?
True
Does 6 divide 43285313?
False
Does 21 divide 47230115?
False
Is 2167 a factor of 224509204?
False
Is 134 a factor of 95732078?
False
Is 22439659 a multiple of 871?
False
Is 933747650 a multiple of 389?
False
Is 281602944 a multiple of 2961?
True
Is 3771 a factor of 628274997?
True
Is 8413118 a multiple of 1307?
False
Is 8475863 a multiple of 44?
False
Does 28 divide 132748?
True
Is 26396682 a multiple of 221?
True
Is 659 a factor of 80334077?
True
Is 8633076 a multiple of 51?
True
Is 1013 a factor of 34468878?
False
Is 87 a factor of 1236096?
True
Does 537 divide 443013135?
False
Is 413 a factor of 2030048092?
False
Does 367 divide 4027825?
True
Does 4873 divide 207510641?
False
Does 18 divide 324509285?
False
Is 250478891 a multiple of 228?
False
Is 70102935 a multiple of 31?
True
Is 15285385 a multiple of 32?
False
Is 1083 a factor of 692916502?
False
Is 585026462 a multiple of 1016?
False
Is 1084759757 a multiple of 347?
False
Is 439 a factor of 562183952?
False
Is 669780979 a multiple of 72?
False
Is 1556858 a multiple of 100?
False
Does 2566 divide 289557704?
True
Is 66 a factor of 585667735?
False
Does 210 divide 2012789940?
True
Is 374468637 a multiple of 3351?
False
Does 601 divide 23695627?
True
Is 82 a factor of 1481506956?
True
Is 34 a factor of 1184456?
False
Is 44 a factor of 22516373?
False
Does 18 divide 2566230966?
True
Is 8 a factor of 5927297?
False
Does 332 divide 35864300?
True
Is 298257754 a multiple of 3?
False
Is 344 a factor of 1143347296?
True
Is 39 a factor of 539247111?
True
Is 147510675 a multiple of 87?
True
Is 2265353194 a multiple of 636?
False
Is 3665682610 a multiple of 1765?
True
Is 27 a factor of 9495380?
False
Is 219 a factor of 4055766558?
True
Is 3763 a factor of 1144542791?
True
Does 3 divide 110017548?
True
Is 480510 a multiple of 76?
False
Is 402761726 a multiple of 411?
False
Is 174553990 a multiple of 10?
True
Does 25 divide 109578225?
True
Is 1280722750 a multiple of 215?
True
Does 2199 divide 75333342?
True
Is 26276364 a multiple of 14?
False
Does 8 divide 134108793?
False
Does 5629 divide 181941767?
False
Is 690984 a multiple of 27?
True
Is 9526563 a multiple of 10?
False
Does 568 divide 5059111816?
True
Is 12371362 a multiple of 3?
False
Is 563693184 a multiple of 486?
False
Does 17 divide 19983058?
True
Is 73520589 a multiple of 10?
False
Is 18272876 a multiple of 4?
True
Does 22 divide 131616072?
False
Does 4 divide 253842024?
True
Does 2364 divide 1580127900?
False
Is 10 a factor of 75359?
False
Is 151227076 a multiple of 11?
True
Does 407 divide 352991822?
False
Is 71180159 a multiple of 773?
True
Is 177328623 a multiple of 5993?
False
Does 94 divide 933217200?
False
Does 136 divide 6297794568?
True
Is 3661805530 a multiple of 82?
True
Does 5366 divide 944008184?
True
Is 14 a factor of 10411554?
False
Is 4293860120 a multiple of 5560?
True
Is 172166182 a multiple of 488?
False
Does 19 divide 48192659?
False
Is 60434369 a multiple of 18?
False
Is 4 a factor of 99042988?
True
Does 28 divide 33068096?
False
Is 151819837 a multiple of 1924?
False
Is 6327280358 a multiple of 12466?
True
Does 20 divide 2446976520?
True
Is 543817 a multiple of 60?
False
Does 3 divide 256819578?
True
Is 16936601 a multiple of 342?
False
Is 1192 a factor of 18247975?
False
Is 24122322 a multiple of 7?
True
Is 15320536 a multiple of 1694?
True
Is 372 a factor of 17169661?
False
Does 189 divide 800019400?
False
Is 39 a factor of 1630020678?
True
Is 256551644 a multiple of 7354?
True
Is 21 a factor of 6003619?
False
Is 49547568 a multiple of 176?
False
Is 4585 a factor of 1133310769?
False
Does 54 divide 49887957?
False
Is 59 a factor of 205719031?
False
Does 2942 divide 1551207746?
True
Is 36 a factor of 29574864?
True
Does 55 divide 493508125?
True
Is 4 a factor of 318043125?
False
Is 76 a factor of 71926139?
False
Is 2003093297 a multiple of 123?
False
Is 5224200 a multiple of 3?
True
Is 68 a factor of 21578691?
False
Does 17 divide 4165650?
False
Does 44 divide 187621280?
True
Is 6 a factor of 10480434?
True
Is 2286414 a multiple of 6?
True
Is 1246029955 a multiple of 133?
False
Is 737 a factor of 25875164?
False
Does 62 divide 455103498?
True
Is 11 a factor of 27338158?
False
Is 96767062 a multiple of 10?
False
Is 99 a factor of 24876027?
True
Is 27580140 a multiple of 885?
True
Does 2185 divide 39939615?
True
Is 80180040 a multiple of 1336?
True
Is 124420384 a multiple of 1069?
False
Does 106 divide 13894056?
True
Is 65029978 a multiple of 48?
False
Does 1258 divide 869617812?
False
Does 3896 divide 1531795411?
False
Is 394850166 a multiple of 822?
True
Is 214042492 a multiple of 197?
False
Is 2285 a factor of 25132217?
False
Is 19331205 a multiple of 448?
False
Is 8 a factor of 34039680?
True
Does 12 divide 3058510?
False
Is 8124625 a multiple of 25?
True
Is 166139047 a multiple of 3048?
False
Is 347 a factor of 1287370064?
False
Is 1957 a factor of 403391232?
False
Does 389 divide 2388889067?
True
Is 817325264 a multiple of 8?
True
Does 3144 divide 512644448?
False
Is 13 a fa